(i)?
14
Suppose 17 + 63 = 2*l. What is the remainder when l is divided by 6?
4
Suppose 4*u - 5*x - 12 = 3*u, -4*u - 5*x + 48 = 0. Suppose -u*y + 462 = -390. What is the remainder when y is divided by 12?
11
Let i(o) be the third derivative of o**5/60 - 7*o**4/24 + 11*o**3/6 + 19*o**2. What is the remainder when 29 is divided by i(7)?
7
Let a(v) = 20*v**2 + 20*v + 21. Calculate the remainder when a(-4) is divided by 8.
5
Let l = 51 + -49. What is the remainder when 111 is divided by (-27)/(-12) - l - (-111)/4?
27
Let m = -569 + 1174. Suppose 0 = 4*p - 5*q - 649 - 156, -5*q - m = -3*p. What is the remainder when p is divided by 51?
47
Let i be 25*(0 + 2/5). Let q be ((-1)/2)/((-1)/i). Suppose r = -q*p + 110, -4*r + 2*p = -p - 348. Calculate the remainder when r is divided by 23.
21
Suppose 0 = 2*b - 133 + 7. Let l = -22 + 27. Suppose -l*x - 110 = -10*x. What is the remainder when b is divided by x?
19
Let j be (-33)/(-18) - 2/(-12). Suppose 0 = -j*a + 4. Suppose -102 = t - 5*t - a*p, -4 = -4*p. What is the remainder when t is divided by 4?
1
Suppose 20*i = 18*i + 10. Let r(j) = -j**3 + 11*j**2 - 7. What is the remainder when r(i) is divided by 36?
35
Suppose 130 - 1310 = -20*f. What is the remainder when f is divided by 21?
17
Let z = 1280 - 561. Calculate the remainder when z is divided by 48.
47
Let v(u) = 2*u**3 - 2*u**2 - 9*u + 6. Suppose 38 = 5*c + 13. Let p be 0 + (c + -3 - -1). What is the remainder when 29 is divided by v(p)?
14
Let b = 79 - 112. Suppose 2*o = -2*h + 32, -5*h + 40 = o + 2*o. Calculate the remainder when o is divided by b/(-12)*(3 - -1).
9
Let z = -426 - -470. Let t be (-146)/10 - 2/5. Calculate the remainder when z is divided by -1*(-3 + 2) - t.
12
Let x = 1328 + -666. What is the remainder when x is divided by 39?
38
Let x = 74 + -39. Let f(j) = -j**3 - 4*j**2 - 8*j + 7. Let p be f(-5). Suppose -2*l + 6*l = p. Calculate the remainder when x is divided by l.
17
Suppose -u + 2*p + 0 + 3 = 0, 3*u - 29 = 2*p. Suppose -u*i + 9*i + 336 = 0. What is the remainder when i is divided by 18?
12
Let f = -40 + 44. Suppose -51 = -3*g - f*j, -4*j + 12 - 63 = -3*g. Calculate the remainder when 33 is divided by g.
16
Let m = -515 - 149. Let k be m/(-6) + (-12)/18. Suppose -23 = -u - 5*l, 5*u + 23 = 3*l + k. Calculate the remainder when 34 is divided by u.
16
Let r(a) = 4*a**2 + 17*a + 2. Calculate the remainder when r(-7) is divided by ((-58)/(-4) - 2)*(-64)/(-40).
19
Let n(y) = -5*y + 10. Calculate the remainder when 113 is divided by n(-3).
13
Suppose u = 29 - 5. Calculate the remainder when 91 is divided by u.
19
What is the remainder when (5 - -2) + (-2632)/(4/(-2)) is divided by 53?
51
Let b(y) = 4*y - 6. What is the remainder when b(2) is divided by ((-28)/(-49))/((-2)/(-7))?
0
Let y be ((-2 + 2)/2)/2. Suppose -l + 5 = y, -u - 20 = -4*u + 2*l. Calculate the remainder when 164/9 + 2/(-9) is divided by u.
8
Suppose -r - 3*i = -124, -i - 5 = -0*i. Suppose -r = -6*z + 299. Calculate the remainder when z is divided by 38.
35
Calculate the remainder when 4/20 + 9438/110 is divided by 16.
6
Suppose 3*h + 0*h = 27. Let p(r) = r + 136. Let c be p(0). Suppose -13*l + 5*l + c = 0. What is the remainder when l is divided by h?
8
Let i be 5 + 9/(-3) + 0. Suppose 4 = 4*m, 2*s - 61 = m - i*m. Calculate the remainder when 118 is divided by s.
28
Let p(x) = 2*x**2 + 6*x + 19. Suppose -42 = 2*b - 5*b. What is the remainder when p(-4) is divided by b?
13
Suppose -148 = -9*x + 5*x - 2*z, 0 = 3*z - 6. Calculate the remainder when 174 is divided by x.
30
Let x(p) = -101*p + 1. Let m be x(-1). Suppose -3*q + 0*q - m = 0. Let f = -10 - q. What is the remainder when 93 is divided by f?
21
Let j be (-4)/(0 - -2) - 14. Let n(h) = -h**2 - 18*h - 26. What is the remainder when 10 is divided by n(j)?
4
Let p(u) = -u + 55. Let f(h) = h**3 - 6*h**2 - 11*h + 17. Let o be f(7). What is the remainder when p(o) is divided by 17?
15
Let f = 401 + -377. Calculate the remainder when 110 is divided by f.
14
Suppose 0 = -16*w + 23*w - 175. What is the remainder when 45 is divided by w?
20
Calculate the remainder when 1/11 - (-39534)/363 is divided by (-4)/(8/(-114)) + -1.
53
Let k(p) = p**3 + 16*p**2 - 27*p - 20. Let c be k(-16). Suppose 308 + 1 = 3*d + 4*t, 4*d = 3*t + c. Calculate the remainder when d is divided by 15.
13
Let d(i) = 6*i**2 + 10*i. Let z be d(-6). Let p = z + -115. Calculate the remainder when p is divided by 23.
18
Let u(z) = -5*z**2 - z**3 + 3 - 4 + 10 - 2*z. Calculate the remainder when 2 is divided by u(-4).
0
Let y = -9 + 18. Let c = y + -47. Let i = -17 - c. Calculate the remainder when i is divided by 6.
3
Calculate the remainder when 364 is divided by 6/(-18) - ((-435)/9 + -5).
46
Calculate the remainder when 11 is divided by (-330)/88*24/(-10).
2
Let t be 136/12 - (-8)/12. Suppose 8*a - t = 7*a. Suppose i + 4 = a. Calculate the remainder when 14 is divided by i.
6
Suppose -3*j + 30 = d - 4*j, -5*j + 60 = d. Calculate the remainder when 604 is divided by d.
9
Suppose 9*n = 14*n - 75. What is the remainder when n is divided by 13?
2
Suppose -3*x = -5*c + 135, -c + 111 - 71 = 2*x. Calculate the remainder when 169 is divided by c.
19
Suppose 3*a - 5*z + 22 - 157 = 0, 0 = -3*a - 5*z + 105. Let t be (1/2)/(5/a). Suppose 0 = 5*q - 19 + t. Calculate the remainder when 9 is divided by q.
0
Let w(o) = -o + 27. What is the remainder when 72 is divided by w(-10)?
35
Suppose 0 = -2*d - 5*q + 32, -2*d + 0*q + 36 = 4*q. What is the remainder when d is divided by -2 - ((-1)/1 + -3)?
0
Suppose h - 5*h + 72 = 0. Let j = 4 + -1. Suppose 0 = -q - j, -4*q + 14 = 4*u - 2*q. What is the remainder when h is divided by u?
3
Suppose 7*s + 13 = 13. Let a = s + 51. What is the remainder when a is divided by 18?
15
Let u = -203 + 206. Calculate the remainder when (-122)/(-6) - (-1)/(-3) is divided by u.
2
Let n(c) = 5*c**2 + 2*c + 1. Suppose 6*o + 100 - 1048 = 0. Calculate the remainder when o is divided by n(-3).
38
Let b be 2*12*(-3)/(-6). Suppose b = i + 7. Suppose -f = -i - 0. What is the remainder when 15 is divided by f?
0
Calculate the remainder when ((-120)/50)/((-3)/45) is divided by 23.
13
Suppose -6*l - 243 = -9*l. Let w = l + -66. Calculate the remainder when 40 is divided by w.
10
Suppose 13*a - 23 - 16 = 0. Let h = -21 - -30. What is the remainder when h is divided by a?
0
Let c = 1264 + -1174. Let m = -34 + 135. Suppose 2*o + 3*z - 68 = 0, 2*z + 2*z = -3*o + m. What is the remainder when c is divided by o?
28
Let i(z) = 79*z - 37. What is the remainder when i(5) is divided by 12?
10
What is the remainder when 99 is divided by 55 + -59 - ((-1 - -2) + -38)?
0
Let a(j) = 2*j - 2. Let w be a(4). Suppose -2*y + w = -4*y. What is the remainder when y/(-6) + 23/2 is divided by 5?
2
Suppose 3*h = -101 + 110. Suppose 3*q + 5 = 4*s + 38, 44 = 4*q + 3*s. Calculate the remainder when q is divided by h.
2
Let u(q) = q**3 - 13*q**2 + 25*q - 47. What is the remainder when 1852 is divided by u(12)?
108
Let i be -1*(-3 + 3)*1. Suppose n = -3*q + 140, 2*q - 4*q - 5*n + 102 = i. Calculate the remainder when q is divided by 25.
21
Let x = 243 - 211. What is the remainder when 105 is divided by x?
9
Suppose l - w - 1221 = 0, -4*l = w - 3218 - 1646. Calculate the remainder when l is divided by 23.
21
What is the remainder when 160 is divided by 132/(-22) - (0 + -39)?
28
Suppose 4*z + 64 = 8*z. Suppose -18 = -2*g + 5*q + z, -2 = -q. What is the remainder when 65 is divided by g?
21
Suppose 2*f + 4*m + 16 = f, -4*f + 2*m = -26. Let r(d) = 15*d - 2. What is the remainder when r(f) is divided by 20?
18
Let f(m) = 4*m**3 - m + 1. Calculate the remainder when f(1) is divided by 3*3/9*1.
0
Suppose 0 = -5*y - 5*c + 20, 2*y + 3*c - 20 = -2*y. Let a = y + 70. What is the remainder when a is divided by 27?
24
Let r(c) = -75*c - 1. Let b be r(1). Let v = b - -127. Suppose 604*f - 322*f + 648 = 318*f. What is the remainder when v is divided by f?
15
Let y(d) be the first derivative of -d**3/3 - 12*d**2 - 46*d - 16. What is the remainder when 67 is divided by y(-21)?
16
Suppose -36 = -2*i + a, -5*a = 5*i - 55 - 5. Suppose 2*o - 216 = -q, -4*q = -7*q. What is the remainder when o is divided by i?
12
Suppose -3*m + 98 = 4*q - 0*m, -m - 28 = -q. What is the remainder when 204 is divided by q